n base 5?
-11
What is 0 (base 5) in base 16?
0
-55 (base 10) to base 11
-50
Convert -56 (base 8) to base 4.
-232
Convert -44 (base 12) to base 14.
-3a
Convert 0 (base 10) to base 13.
0
-443 (base 7) to base 14
-123
Convert 4 (base 14) to base 3.
11
110100 (base 2) to base 7
103
Convert -40 (base 13) to base 10.
-52
Convert 35 (base 16) to base 5.
203
What is ac (base 15) in base 9?
200
Convert -4 (base 15) to base 9.
-4
-1 (base 11) to base 8
-1
-442 (base 5) to base 7
-233
What is -a (base 14) in base 7?
-13
What is 152 (base 13) in base 6?
1032
What is 2 (base 7) in base 11?
2
What is -34 (base 11) in base 2?
-100101
Convert 1210 (base 3) to base 4.
300
10010 (base 3) to base 4
1110
Convert 3c (base 13) to base 8.
63
What is -3 (base 9) in base 13?
-3
-403 (base 8) to base 16
-103
What is -20 (base 13) in base 12?
-22
16 (base 7) to base 10
13
Convert -143 (base 5) to base 2.
-110000
17 (base 9) to base 10
16
Convert 2231 (base 4) to base 10.
173
Convert -29 (base 15) to base 4.
-213
What is -22 (base 5) in base 2?
-1100
What is b (base 12) in base 4?
23
-1 (base 9) to base 14
-1
-201 (base 3) to base 7
-25
What is 3 (base 9) in base 5?
3
What is -23 (base 4) in base 9?
-12
Convert -15c (base 14) to base 13.
-185
100111 (base 2) to base 8
47
-53 (base 11) to base 5
-213
-139 (base 10) to base 9
-164
What is -11100 (base 2) in base 15?
-1d
What is -101000110 (base 2) in base 4?
-11012
What is 3 (base 6) in base 15?
3
Convert -10 (base 6) to base 12.
-6
1a (base 13) to base 4
113
-11020 (base 3) to base 15
-79
Convert -40 (base 7) to base 4.
-130
What is -24 (base 6) in base 9?
-17
Convert -2 (base 16) to base 12.
-2
-8 (base 12) to base 8
-10
81 (base 10) to base 4
1101
-1110 (base 2) to base 13
-11
Convert -41 (base 7) to base 13.
-23
-21 (base 5) to base 10
-11
What is 4 (base 11) in base 12?
4
What is 2 (base 7) in base 12?
2
Convert -6 (base 12) to base 10.
-6
-b (base 16) to base 3
-102
What is 0 (base 11) in base 13?
0
Convert -3 (base 13) to base 11.
-3
Convert -1 (base 6) to base 5.
-1
What is -2022 (base 4) in base 11?
-116
Convert 5 (base 11) to base 8.
5
9 (base 10) to base 2
1001
32 (base 4) to base 12
12
Convert a4 (base 16) to base 5.
1124
What is -34 (base 9) in base 11?
-29
152 (base 7) to base 5
321
What is 17 (base 11) in base 16?
12
What is 511 (base 6) in base 15?
c7
1 (base 15) to base 7
1
What is -19 (base 11) in base 10?
-20
Convert 1020 (base 3) to base 8.
41
Convert 22 (base 10) to base 14.
18
What is -65 (base 13) in base 12?
-6b
-12 (base 6) to base 8
-10
Convert -175 (base 9) to base 6.
-405
Convert 35 (base 8) to base 14.
21
-240 (base 9) to base 3
-21100
10 (base 3) to base 14
3
e (base 16) to base 9
15
Convert -1 (base 10) to base 2.
-1
What is 26 (base 13) in base 5?
112
What is -13 (base 4) in base 12?
-7
What is -121 (base 3) in base 8?
-20
Convert -444 (base 5) to base 8.
-174
Convert -1d (base 16) to base 9.
-32
Convert 101 (base 5) to base 15.
1b
What is -1 (base 6) in base 3?
-1
-e (base 16) to base 10
-14
Convert -3 (base 15) to base 11.
-3
Convert -10 (base 4) to base 11.
-4
Convert -4 (base 10) to base 11.
-4
What is 2 (base 6) in base 5?
2
Convert -33 (base 12) to base 3.
-1110
Convert -d7 (base 15) to base 11.
-174
Convert 8 (base 10) to base 7.
11
What is 120 (base 11) in base 4?
2033
What is -13 (base 7) in base 10?
-10
-15 (base 10) to base 13
-12
1022 (base 5) to base 6
345
What is -1 (base 3) in base 13?
-1
Convert 6 (base 14) to base 2.
110
What is -1 (base 13) in base 15?
-1
What is -2 (base 4) in base 10?
-2
-8d (base 16) to base 12
-b9
What is -8 (base 13) in base 3?
-22
What is -1 (base 16) in base 8?
-1
0 (base 3) to base 10
0
a (base 16) to base 8
12
Convert 11 (base 10) to base 8.
13
Convert -1104 (base 5) to base 16.
-9a
353 (base 6) to base 8
215
What is 234 (base 5) in base 6?
153
Convert 57 (base 9) to base 14.
3a
What is -123 (base 5) in base 4?
-212
-20 (base 3) to base 11
-6
Convert -1 (base 6) to base 3.
-1
What is 1 (base 14) in base 8?
1
253 (base 6) to base 2
1101001
Convert 1000110 (base 2) to base 4.
1012
11 (base 4) to base 14
5
100 (base 2) to base 12
4
What is 1 (base 10) in base 2?
1
0 (base 15) to base 11
0
271 (base 11) to base 2
101000000
Convert 2b (base 13) to base 8.
45
What is 38 (base 9) in base 4?
203
What is 169 (base 11) in base 7?
400
Convert a (base 15) to base 7.
13
What is 24 (base 14) in base 8?
40
-40 (base 7) to base 15
-1d
Convert 51 (base 10) to base 16.
33
204 (base 6) to base 3
2211
Convert -130 (base 4) to base 15.
-1d
0 (base 15) to base 4
0
Convert 10 (base 13) to base 15.
d
Convert 111 (base 2) to base 3.
21
12 (base 3) to base 11
5
0 (base 5) to base 2
0
-201 (base 7) to base 4
-1203
Convert 5 (base 9) to base 10.
5
What is -10 (base 6) in base 8?
-6
-1 (base 2) to base 5
-1
Convert -5 (base 14) to base 9.
-5
-9 (base 10) to base 8
-11
1a9 (base 11) to base 8
360
What is 10 (base 15) in base 7?
21
Convert -42 (base 10) to base 4.
-222
Convert -95 (base 15) to base 13.
-aa
What is 20 (base 3) in base 10?
6
What is -45 (base 16) in base 10?
-69
-5 (base 13) to base 12
-5
What is 10 (base 7) in base 12?
7
What is -2 (base 6) in base 14?
-2
Convert 2 (base 3) to base 15.
2
What is -20 (base 3) in base 8?
-6
What is 223 (base 13) in base 6?
1411
2 (base 14) to base 10
2
What is 210 (base 11) in base 12?
191
Convert 102 (base 4) to base 16.
12
-b3 (base 12) to base 4
-2013
What is -a (base 16) in base 8?
-12
Convert -234 (base 6) to base 16.
-5e
What is 22 (base 3) in base 7?
11
39 (base 14) to base 5
201
43 (base 5) to base 11
21
What is -25 (base 8) in base 14?
-17
What is -1 (base 7) in base 16?
-1
What is -1 (base 15) in base 11?
-1
-20b (base 12) to base 4
-10223
What is -33 (base 5) in base 4?
-102
What is 2 (base 6) in base 14?
2
Convert -18 (base 9) to base 2.
-10001
-206 (base 8) to base 14
-98
What is 15 (base 11) in base 2?
10000
What is -15 (base 8) in base 6?
-21
What is 23 (base 4) in base 10?
11
-313 (base 5) to base 3
-10002
55 (base 14) to base 10
75
20 (base 9) to base 10
18
Convert 111 (base 2) to base 16.
7
Convert 1 (base 5) to base 13.
1
What is -2 (base 14) in base 7?
-2
What is -6 (base 16) in base 11?
-6
Convert -b (base 12) to base 13.
-b
-1 (base 14) to base 4
-1
-335 (base 10) to base 7
-656
Convert -321 (base 5) to base 10.
-86
What is 126 (base 9) in base 4?
1221
12 (base 6) to base 11
8
What is -3c (base 13) in base 12?
-43
2 (base 7) to base 13
2
Convert -22 (base 8) to base 7.
-24
Convert -14 (base 6) to base 15.
-a
354 (base 10) to base 13
213
Convert 55 (base 13) to base 11.
64
Convert 3 (base 12) to base 16.
3
What is -109 (base 15) in base 9?
-280
Convert 2 (base 12) to base 15.
2
What is 0 (base 2) in base 4?
0
-13 (base 16) to base 9
-21
-10220 (base 3) to base 10
-105
-1 (base 6) to base 15
-1
10 (base 5) to base 4
11
What is 1000001 (base 2) in base 15?
45
Convert -5 (base 9) to base 12.
-5
What is 10 (base 5) in base 7?
5
12 (base 3) to base 8
5
Convert -28 (base 11) to base 10.
-30
What is 1001 (base 2) in base 7?
12
131 (base 10) to base 9
155
40 (base 6) to base 4
120
106 (base 12) to base 3
12120
Convert 42 (base 11) to base 12.
3a
Convert 35 (base 9) to base 14.
24
1a (base 15) to base 12
21
2 (base 6) to base 4
2
What is -1 (base 14) in base 10?
-1
Convert 49 (base 14) to base 8.
101
-1 (base 6) to base 7
-1
-5 (base 9) to base 2
-101
3 (base 6) to base 4
3
32 (base 12) to base 11
35
130 (base 13) to base 3
21201
ca (base 16) to base 5
1302
What is -48 (base 10) in base 4?
-300
-1 (base 8) to base 6
-1
What is -1423 (base 5) in base 3?
-22211
What is -b (base 15) in base 11?
-10
6 (base 7) to base 4
12
Convert -56 (base 15) to base 6.
-213
What is 10 (base 5) in base 3?
12
What is 1000000 (base 2) in base 9?
71
What is 11 (base 2) in base 9?
3
-242 (base 9) to base 15
-d5
What is -1 (base 11) in base 2?
-1
-12022 (base 3) to base 7
-263
What is 3 (base 16) in base 12?
3
-141 (base 5) to base 14
-34
86 (base 12) to base 11
93
Convert -111011 (base 2) to base 7.
-113
What is -43 (base 10) in base 6?
-111
-2d (base 14) to base 2
-101001
-2 (base 3) to base 8
-2
What is -300 (base 10) in base 12?
-210
What is 1023 (base 4) in base 8?
113
Convert -3 (base 5) to base 10.
-3
Convert -14 (base 12) to base 